4. What is the tens digit of j?
4
Let r be (-252)/15*(-7 - -2). Suppose 3*s = -s - r. Let l = s + 45. What is the tens digit of l?
2
Suppose -9*h + 7947 + 10161 = 0. What is the tens digit of h?
1
Suppose 2*g - 14 = -2*i, 4*g + 2*i - 27 = 1. Suppose 3*b = g*b - 80. Suppose 4*x = b - 4. What is the units digit of x?
4
Let o(w) be the second derivative of w**5/20 + w**4/12 + w**3/2 - 11*w**2/2 - 21*w. What is the tens digit of o(5)?
5
Let t be ((-57)/5 + 1)*-5. Let r = -126 + 130. Suppose -r*y - t = -188. What is the tens digit of y?
3
Suppose 3*b + 112 = 10*b. Let s = b + -9. What is the units digit of s?
7
Let l(t) = 379*t - 283. What is the thousands digit of l(4)?
1
Let j be 16/(-80) + (-26)/(-5). Suppose 10 = 2*c - 5*y, 4*c + j*y = 19 + 1. Suppose -4*s - i + 5*i = -12, 0 = -s + 5*i - c. What is the units digit of s?
5
Suppose -2*a + 3*a = 5*y - 27, 2*a = y - 9. Suppose -g + 638 = y*d + 2*g, -4*d + 4*g + 536 = 0. What is the units digit of d?
0
Let l(u) = -6*u - 1. Let q(j) = 5*j + 2. Let y(o) = -4*l(o) - 5*q(o). Let z be y(-8). Suppose g = z*g - 28. What is the tens digit of g?
2
What is the hundreds digit of (2/(-4)*-2)/((-26)/(-10972))?
4
Suppose 0 = 3*h - w + 16, -4*h + 2*w = 4*w + 38. What is the units digit of h/(7/(-4))*(1 + 43)?
6
Let y be 0/((-2)/(-4 - -2)). Suppose -189 = -3*c - y*c. What is the units digit of c?
3
Suppose 0*h = 4*h - 104. Suppose -4*n + 34 - h = 0. What is the units digit of n?
2
Let o(i) = i + 2. Suppose -3 = 4*m - m. Let f be o(m). What is the units digit of f + (1 + 2 - -2)?
6
Let o(q) = 5*q + 8. Let t be o(-2). What is the hundreds digit of (t/(-4))/((-3)/(-1350))?
2
Suppose 2*x - 8 = 2*t, 4*x - 5 = 2*t + 3. Suppose 3*a + 0*a - 18 = x. What is the units digit of 3/a*4 + 13?
5
Suppose 4*o + 2*g - 141 = 71, 3*o - 3*g - 150 = 0. Let u = o + -137. Let r = 137 + u. What is the units digit of r?
2
Suppose 2*w + 0 = 6. Suppose w*j - 10 - 11 = 0. Suppose 0 = -11*f + j*f + 36. What is the units digit of f?
9
Suppose 3*y - 5*y = 0, 0 = 4*r + 5*y - 21060. What is the thousands digit of r?
5
Suppose 4*q = 5*k + 8722, 0 = 2*q - 30*k + 27*k - 4360. What is the units digit of q?
3
Suppose -4*j - 4*d + 12 = -2*j, 5*j = 5*d + 15. Let h = -14 + 12. Let k = h + j. What is the units digit of k?
2
Let z(u) be the first derivative of u**4/12 + u**3/2 - u**2/2 + 2*u + 9. Let c(t) be the first derivative of z(t). What is the units digit of c(-5)?
9
Let l = 11019 + -6137. What is the units digit of l?
2
Let k(f) = -f**3 + 8*f**2 + 10. Let r be k(8). Suppose -r - 22 = -a. What is the tens digit of a?
3
Let b = 536 + 0. What is the hundreds digit of b?
5
Let n(d) = -12*d - 15. Let g be n(-6). Suppose -5*p - 228 = -4*x, 4*p - 4*x = g - 237. Let s = -19 - p. What is the tens digit of s?
2
Let z(u) = 14*u - 3. Let a be z(2). Suppose -73 = -3*x - a. What is the tens digit of x?
1
Let i(r) = -2*r**3 - 9*r**2 + 24*r + 10. What is the hundreds digit of i(-8)?
2
Let o(h) = h**3 - 18*h**2 + 17*h + 1. Let b be o(19). What is the tens digit of (-3)/(-9) + b/15?
4
Let m(o) = -o**2 + 33*o + 19. Let y = -50 - -61. What is the units digit of m(y)?
1
Suppose -4*g + 7*g = v + 7703, -4*v - 7700 = -3*g. What is the tens digit of g?
6
Let f be 1/(((-6)/110)/(-3)). Suppose 5*n - 215 = -115. Let t = f - n. What is the units digit of t?
5
Suppose 0 = 2*k + 8, -5*i + 8*i - 4*k - 202 = 0. What is the tens digit of i?
6
Let n(p) = 2 + 70*p - 42*p + 4. What is the units digit of n(3)?
0
Let z = -27 - 6. Let n = 1 - z. What is the tens digit of n?
3
Let l(s) = -s + 3 - 1 - 2 + 2. Let f be l(3). What is the units digit of (((-204)/4)/3)/f?
7
Let u(s) = -20*s**2 - s - 20. Let f(q) = 7*q**2 + 7. Let r(p) = 17*f(p) + 6*u(p). Let n(v) be the first derivative of r(v). What is the units digit of n(-6)?
6
Let o be ((-64)/12)/(8/(-1476)*3). Suppose 0 = -5*q + 5*a + 545, 0 = 3*q - a - 3*a - o. What is the hundreds digit of q?
1
Let j be (-9)/(-45) + (-1719)/(-5). Suppose 0 = -9*x + 5*x + j. What is the tens digit of x?
8
Suppose 91 = l - 2*c - 4, -97 = -l + c. Suppose l = w + 32. What is the tens digit of w?
6
Suppose 0 = 3*c + 2*z - 1586 - 489, 4*c = -4*z + 2768. What is the tens digit of c?
9
Let u(t) = t**3 - 48*t**2 + 101*t + 111. What is the units digit of u(46)?
5
Suppose -g = -2*g + 4. Let u = g - 0. Suppose 56 = -2*c + u*c. What is the units digit of c?
8
Suppose 32*x = 15*x + 31467. What is the thousands digit of x?
1
Suppose -5*h - 10 = -0. Let i(y) = y**2 + 3*y + 2. Let d be i(h). Let t(p) = -p**3 + p + 21. What is the tens digit of t(d)?
2
Suppose -b = -3*b - 8. Let a(k) = -14*k - 3. What is the units digit of a(b)?
3
Suppose 2*f = -2*w + 20, -3*w + 6 = 3. Let m be (6/9)/(3/f). Suppose m = -3*g + 5. What is the units digit of g?
1
Suppose -5*r + 16*r + 22 = 0. Let q(f) = -18*f**3 - 2*f**2 - 2*f - 4. What is the hundreds digit of q(r)?
1
Let l(b) = -b**3 - 13*b**2 + 15*b + 4. Let n be l(-14). What is the units digit of (n/15)/(8/(-156))?
3
What is the tens digit of 11/(-33) + 10844/6 + 4?
1
Let m = -1165 + 1816. What is the tens digit of m?
5
Suppose 0 = -3*w - 1 - 2. Let k be 3 + w + 2 - 1. Suppose 4*q - 302 = 5*s - 29, -3*s = k*q - 198. What is the tens digit of q?
6
Suppose -c = -17 - 3. Suppose 0 = -17*y + c*y - 192. What is the units digit of y?
4
Let q(g) = -g. Let k(j) = 2*j + 58. Let b(c) = -k(c) - 10*q(c). What is the tens digit of b(9)?
1
Suppose f - g = 2*f - 1, 2*f + 4*g + 4 = 0. Let n be (-2)/f - 543/2. What is the units digit of 3*(n/(-12) - 2)?
2
What is the tens digit of 8481/24*2 + (-2)/(-8)?
0
Let y be 4/8*42 + -1 + 1. Suppose 1044 = -12*f + y*f. What is the hundreds digit of f?
1
What is the tens digit of 2/4*(-9 - (-1321 + -8))?
6
Suppose 3*n = 3*m - 3, 1 - 3 = -2*n + m. Suppose -2*p - 5*b = -81, 0*p + 2*b + 54 = p. What is the units digit of ((-3)/(-4))/(n/p)?
2
Suppose 6*u = -5*u + 2981. What is the tens digit of u?
7
Let j(b) = 10*b + 88. What is the units digit of j(15)?
8
Suppose -4*i + 58 = -2*j, i + 6*j = 2*j + 10. Suppose 0 = -5*w + i + 1. Let u = 5 - w. What is the units digit of u?
2
Let h be 10/(-6)*99/(-3). Let y(w) = -w**3 + 4*w**2 - 6*w + 4. Let j be y(2). Suppose -o = x - h, -3*o - 39 = -x - j*o. What is the units digit of x?
1
Let v = 716 + -585. What is the hundreds digit of v?
1
Let n = 143 - 264. Let y = 50 - n. What is the units digit of y?
1
Suppose -6*u - 15 = -3*u, y - 24 = 2*u. Suppose -2*w - y - 9 = -5*c, c = 2*w + 3. Suppose 4*j + j - 80 = -c*o, -4*o + 4*j + 32 = 0. What is the tens digit of o?
1
Let d(j) = 9*j**2 + 6*j - 3. Let g = -87 + 83. What is the tens digit of d(g)?
1
Let i(t) = t**2 + 18*t - 34. Let c be i(-17). What is the units digit of 10/(c/(-45) + -1)?
5
Let p(v) = -11*v**2 - 4*v + 11. Let y(x) = -5*x**2 - 2*x + 6. Let h(u) = -6*p(u) + 13*y(u). What is the tens digit of h(-7)?
7
What is the hundreds digit of 12 + 35/(-7) - -3616?
6
What is the tens digit of 3*-2*(-8328)/18?
7
Let c = -3032 - -5679. What is the units digit of c?
7
Let j(o) = o**3 - o**2 + 25. Let k be j(0). Suppose -l = 4*l - k. Let t(c) = c**2 + c - 5. What is the units digit of t(l)?
5
Let d(v) = 573*v + 73. What is the units digit of d(3)?
2
Suppose 3*d = -0*n - 2*n + 53, d + 90 = 5*n. What is the tens digit of n?
1
Suppose 786 = 5*d - 4*r, -3*r = 3*d - 4*r - 473. Suppose -23*t = -22*t - d. What is the tens digit of t?
5
Suppose -6*c + 11*c - 2555 = 0. Suppose c = 8*s - s. What is the units digit of s?
3
Let x be (1 + -2)/1 + 148. Let i = x + -101. Suppose 4*v = -3*p + i, v - 10 = 3*v. What is the units digit of p?
2
What is the thousands digit of 10/40 - 132888/(-32)?
4
Suppose 5*v = 4*a - 33, 0 = -4*a + 4*v - v + 23. Let u(p) = 4 - 3*p**2 + 10*p**a - 2 + 4*p. What is the tens digit of u(-2)?
2
Let n be -4 - -1 - (-5 - 2). Suppose 4*o - 389 = -w - 4*w, 0 = n*o + 4*w - 392. Suppose -118 = -5*j + p, 2*j - o = -2*j + 3*p. What is the tens digit of j?
2
Let j = -65 + 58. What is the hundreds digit of (-1 - 9/j) + (-13408)/(-112)?
1
Let b = 17 - 15. Suppose -b*z + 170 = -0*z. What is the units digit of z?
5
Let c be ((-8)/(-2))/((-6)/(-471)) + 4. Suppose 0 = 5*f + s - c, s = 4*f + 6*s - 246. What is the tens digit of f?
6
Suppose -25 = -3*w - 4*m, -4 = -w + 5*m - 2. Suppose w*q - 2*q = 15. Suppose k + 4*f - 5*f = 9, -f = q*k - 35. Wha